{"id":40907,"date":"2025-04-09T11:14:32","date_gmt":"2025-04-09T09:14:32","guid":{"rendered":"https:\/\/my.livha.org\/?post_type=product&#038;p=40907"},"modified":"2025-04-09T11:20:51","modified_gmt":"2025-04-09T09:20:51","slug":"retraite-du-25-au-31-aout-2025-participation-normale","status":"publish","type":"product","link":"https:\/\/my.livha.org\/fr\/produit\/retraite-du-25-au-31-aout-2025-participation-normale\/","title":{"rendered":"Retraite du 25 au 31 ao\u00fbt 2025 [participation normale]"},"content":{"rendered":"","protected":false},"excerpt":{"rendered":"<p><strong>= 420\u20ac<\/strong> tva fran\u00e7aise incluse [Participation normale]<\/p>\n<p>Participation \u00e0 la retraite en avec Quentin du 25 au 31 ao\u00fbt.<\/p>\n<p>Remarque : le r\u00e9glement du logement et de la pension compl\u00e8te se fait dans un premier temps via l&#8217;acompte de 150\u20ac \u00e0 verser d\u00e8s \u00e0 pr\u00e9sent (voir page d&#8217;inscription), et le solde sur place \u00e0 votre arriv\u00e9e, en esp\u00e8ces, carte bancaire ou par ch\u00e8que.<\/p>\n","protected":false},"featured_media":39261,"template":"","meta":[],"product_brand":[],"product_cat":[249],"product_tag":[],"class_list":{"0":"post-40907","1":"product","2":"type-product","3":"status-publish","4":"has-post-thumbnail","6":"product_cat-evenement-fr","8":"first","9":"instock","10":"downloadable","11":"virtual","12":"taxable","13":"purchasable","14":"product-type-simple"},"_links":{"self":[{"href":"https:\/\/my.livha.org\/fr\/wp-json\/wp\/v2\/product\/40907","targetHints":{"allow":["GET"]}}],"collection":[{"href":"https:\/\/my.livha.org\/fr\/wp-json\/wp\/v2\/product"}],"about":[{"href":"https:\/\/my.livha.org\/fr\/wp-json\/wp\/v2\/types\/product"}],"wp:featuredmedia":[{"embeddable":true,"href":"https:\/\/my.livha.org\/fr\/wp-json\/wp\/v2\/media\/39261"}],"wp:attachment":[{"href":"https:\/\/my.livha.org\/fr\/wp-json\/wp\/v2\/media?parent=40907"}],"wp:term":[{"taxonomy":"product_brand","embeddable":true,"href":"https:\/\/my.livha.org\/fr\/wp-json\/wp\/v2\/product_brand?post=40907"},{"taxonomy":"product_cat","embeddable":true,"href":"https:\/\/my.livha.org\/fr\/wp-json\/wp\/v2\/product_cat?post=40907"},{"taxonomy":"product_tag","embeddable":true,"href":"https:\/\/my.livha.org\/fr\/wp-json\/wp\/v2\/product_tag?post=40907"}],"curies":[{"name":"wp","href":"https:\/\/api.w.org\/{rel}","templated":true}]}}

Retraite du 25 au 31 août 2025 [participation normale]

<p><strong>= 420€</strong> tva française incluse [Participation normale]</p>
<p>Participation à la retraite en avec Quentin du 25 au 31 août.</p>
<p>Remarque : le réglement du logement et de la pension complète se fait dans un premier temps via l&#8217;acompte de 150€ à verser dès à présent (voir page d&#8217;inscription), et le solde sur place à votre arrivée, en espèces, carte bancaire ou par chèque.</p>
