{"id":36153,"date":"2023-03-11T15:03:24","date_gmt":"2023-03-11T14:03:24","guid":{"rendered":"https:\/\/my.livha.org\/?post_type=product&#038;p=36153"},"modified":"2023-03-13T13:11:34","modified_gmt":"2023-03-13T12:11:34","slug":"retraite-du-26-juin-au-3-juillet-2023-participation-bienfaiteur","status":"publish","type":"product","link":"https:\/\/my.livha.org\/fr\/produit\/retraite-du-26-juin-au-3-juillet-2023-participation-bienfaiteur\/","title":{"rendered":"Retraite du 26 juin au 3 juillet 2023 [participation bienfaiteur]"},"content":{"rendered":"","protected":false},"excerpt":{"rendered":"<p><strong>= 600\u20ac ou +,<\/strong> tva fran\u00e7aise incluse [Participation bienfaiteur]<\/p>\n<p>Participation \u00e0 la retraite en silence avec Quentin du 26 juin au 3 juillet.<\/p>\n<p>Remarque : le r\u00e9glement du logement et de la pension compl\u00e8te (570\u20ac), se fera sur place \u00e0 votre arriv\u00e9e, en esp\u00e8ces ou par ch\u00e8que.<\/p>\n","protected":false},"featured_media":29822,"template":"","meta":[],"product_brand":[],"product_cat":[249],"product_tag":[],"class_list":{"0":"post-36153","1":"product","2":"type-product","3":"status-publish","4":"has-post-thumbnail","6":"product_cat-evenement-fr","8":"first","9":"instock","10":"downloadable","11":"virtual","12":"taxable","13":"purchasable","14":"product-type-simple"},"_links":{"self":[{"href":"https:\/\/my.livha.org\/fr\/wp-json\/wp\/v2\/product\/36153","targetHints":{"allow":["GET"]}}],"collection":[{"href":"https:\/\/my.livha.org\/fr\/wp-json\/wp\/v2\/product"}],"about":[{"href":"https:\/\/my.livha.org\/fr\/wp-json\/wp\/v2\/types\/product"}],"wp:featuredmedia":[{"embeddable":true,"href":"https:\/\/my.livha.org\/fr\/wp-json\/wp\/v2\/media\/29822"}],"wp:attachment":[{"href":"https:\/\/my.livha.org\/fr\/wp-json\/wp\/v2\/media?parent=36153"}],"wp:term":[{"taxonomy":"product_brand","embeddable":true,"href":"https:\/\/my.livha.org\/fr\/wp-json\/wp\/v2\/product_brand?post=36153"},{"taxonomy":"product_cat","embeddable":true,"href":"https:\/\/my.livha.org\/fr\/wp-json\/wp\/v2\/product_cat?post=36153"},{"taxonomy":"product_tag","embeddable":true,"href":"https:\/\/my.livha.org\/fr\/wp-json\/wp\/v2\/product_tag?post=36153"}],"curies":[{"name":"wp","href":"https:\/\/api.w.org\/{rel}","templated":true}]}}

<p><strong>= 600€ ou +,</strong> tva française incluse [Participation bienfaiteur]</p>
<p>Participation à la retraite en silence avec Quentin du 26 juin au 3 juillet.</p>
<p>Remarque : le réglement du logement et de la pension complète (570€), se fera sur place à votre arrivée, en espèces ou par chèque.</p>
